 -78084 + 431?
-77653
In base 16, what is -73c - -6dc?
-60
In base 11, what is 942935 + 8?
942942
In base 5, what is 10112 - 2141002?
-2130340
In base 7, what is 2654035013 - 3?
2654035010
In base 2, what is 10 - -1110100101110010110100?
1110100101110010110110
In base 4, what is 1031310 + 121322312?
123020222
In base 13, what is -6c4 - ac2?
-14b6
In base 13, what is 1bb0bb5 + 34?
1bb0c19
In base 9, what is -5 - 287164751?
-287164756
In base 13, what is -802302 - -46?
-802289
In base 9, what is 5 - 4228668?
-4228663
In base 4, what is 20223313 - -11130?
20301103
In base 3, what is -10221 + -2121201212?
-2121212210
In base 14, what is -3 + a9cd6?
a9cd3
In base 9, what is 13860 + -7414?
5445
In base 10, what is 768577 - 18?
768559
In base 6, what is 1333051 - -1141?
1334232
In base 3, what is -211111122011 + 100?
-211111121211
In base 7, what is -24462533 + 4?
-24462526
In base 6, what is -152 - 10515402?
-10515554
In base 2, what is 111110000110011100 - -1111000?
111110001000010100
In base 8, what is 37 + -4766217?
-4766160
In base 8, what is -4725 - -45102?
40155
In base 7, what is -204216 - 24516?
-232035
In base 7, what is 30265301 + 2?
30265303
In base 6, what is 21 + -202133221?
-202133200
In base 3, what is 2112021020002 + 2?
2112021020011
In base 5, what is 1100311140 - 22?
1100311113
In base 3, what is 210 + -1010010200212?
-1010010200002
In base 15, what is -2c962 - -7b?
-2c8d6
In base 6, what is -4251515 - -2?
-4251513
In base 3, what is 1010002200000001 - -10?
1010002200000011
In base 7, what is 264602634 + -5?
264602626
In base 7, what is -2123 + 54046?
51623
In base 2, what is 11110111101001100 + 10011011?
11110111111100111
In base 9, what is 3178640874 + 1?
3178640875
In base 16, what is -d4 - 5eb?
-6bf
In base 15, what is -5 + -4e4dc45?
-4e4dc4a
In base 4, what is 102112033 + 1330?
102120023
In base 6, what is -10402232 - 12?
-10402244
In base 12, what is 428 + -16618?
-161b0
In base 10, what is -47 - 332100?
-332147
In base 12, what is 507 - -402?
909
In base 2, what is 1100010101101 - 10100101111011111?
-10011001100110010
In base 9, what is -2 + -10573484?
-10573486
In base 12, what is 8 - 239409?
-239401
In base 13, what is 13 - -b0012?
b0025
In base 5, what is 120 + -24444212?
-24444042
In base 11, what is 8398 + -73?
8325
In base 8, what is 36 + 535552?
535610
In base 16, what is -203b8 - -3f?
-20379
In base 10, what is 902 + -19493?
-18591
In base 4, what is 100211322223 + -2?
100211322221
In base 3, what is -1211102 + -220220?
-2202022
In base 12, what is 4 - 1b499012?
-1b49900a
In base 9, what is -141642567 - 3?
-141642571
In base 14, what is 40b - abb?
-6b0
In base 7, what is 235352045 - -2?
235352050
In base 7, what is -142 - 456606?
-460051
In base 11, what is 489310 - 78?
489243
In base 8, what is -1242542 - 66?
-1242630
In base 8, what is -3200341 + 20?
-3200321
In base 14, what is 5 + 3897a66?
3897a6b
In base 9, what is -1700738 + 4?
-1700734
In base 9, what is -73 + -86670?
-86753
In base 7, what is -1350 + -1041556?
-1043236
In base 13, what is -1 - 506939?
-50693a
In base 10, what is -13619360 - 4?
-13619364
In base 4, what is -103 - -3303032310?
3303032201
In base 9, what is 2 - -406034272?
406034274
In base 6, what is -135205 + -1110012?
-1245221
In base 11, what is 242714 + -4?
242710
In base 13, what is -1159 - 126134?
-127290
In base 7, what is -132 - -3505221?
3505056
In base 4, what is 3010 - -2033120201?
2033123211
In base 5, what is 4211001 + 411?
4211412
In base 12, what is -b + -5459b58?
-5459b67
In base 5, what is 12343 - 320333?
-302440
In base 6, what is -5 - 14550452042?
-14550452051
In base 7, what is 15545423 - 4?
15545416
In base 12, what is 470 + 255?
705
In base 8, what is -1 - -14073046?
14073045
In base 8, what is 13107662 - -7?
13107671
In base 3, what is 2 - -2022010111211?
2022010111220
In base 3, what is -1000100 - -202012221?
201012121
In base 16, what is -40 - -d1c4?
d184
In base 10, what is 5846555 - -93?
5846648
In base 13, what is -230 + -b947?
-bb77
In base 13, what is -c - -74c09c?
74c090
In base 10, what is -123002 + -1021?
-124023
In base 14, what is 2c153 + -6a?
2c0c7
In base 2, what is -10 - -10100110111100111111?
10100110111100111101
In base 5, what is -4 - -1334432424?
1334432420
In base 7, what is -506004 - 1553?
-510560
In base 12, what is 3b - -1607?
1646
In base 2, what is -1100 + 11110011010111011?
11110011010101111
In base 3, what is 10 + -1022011220112?
-1022011220102
In base 2, what is 110010000001111111010101 - -1000?
110010000001111111011101
In base 8, what is 5 - 333437052?
-333437045
In base 16, what is -1 - 8bc8786?
-8bc8787
In base 2, what is -1010001010111001101101 - 1000?
-1010001010111001110101
In base 7, what is -2056341221 + 3?
-2056341215
In base 2, what is 0 + 110001010011001000110111?
110001010011001000110111
In base 8, what is -7225173 - 267?
-7225462
In base 10, what is -4603 + 364?
-4239
In base 4, what is 211 + -20223120321?
-20223120110
In base 7, what is -252115 - -326?
-251456
In base 8, what is 4 - 24666562?
-24666556
In base 6, what is 55 - 221451001?
-221450502
In base 16, what is 205bf + -1491?
1f12e
In base 13, what is 5bb2b17 - b?
5bb2b09
In base 5, what is 3044221042 + -3?
3044221034
In base 15, what is -6641870 - 2?
-6641872
In base 4, what is -2033312 + -12020303?
-20120221
In base 14, what is -15 + 82967?
82952
In base 16, what is 4 + -1615eab?
-1615ea7
In base 5, what is 142440 + 231?
143221
In base 9, what is -164074 - -643?
-163331
In base 15, what is -4 - 269ccd?
-269cd2
In base 11, what is -29 + -5517a?
-551a8
In base 5, what is 1 - -11100300022?
11100300023
In base 14, what is -4 + d7417?
d7413
In base 8, what is -212 - -73325?
73113
In base 5, what is -4334 + 2313344?
2304010
In base 9, what is -10321 - 1063?
-11384
In base 12, what is -8 - 90a09b?
-90a0a7
In base 6, what is 2123335412 + 4?
2123335420
In base 16, what is -77 - -3b400?
3b389
In base 3, what is 20020100000 - 12021?
20020010202
In base 4, what is 3311 - -120300033?
120310010
In base 4, what is 11012 - 10200213?
-10123201
In base 3, what is 12022221100222200 + -1?
12022221100222122
In base 8, what is 4601 + 103155?
107756
In base 8, what is -157106250 - -5?
-157106243
In base 10, what is -2549 + -979?
-3528
In base 11, what is a147 - 1060?
9097
In base 12, what is 96081717 - -3?
9608171a
In base 9, what is 240074 - -4162?
244246
In base 5, what is -11312404334000 + 3?
-11312404333442
In base 11, what is -1 - -1185349?
1185348
In base 16, what is -6839a - d2?
-6846c
In base 10, what is -670625 + -328?
-670953
In base 16, what is -3 + 52e5?
52e2
In base 16, what is -6 - 16be17?
-16be1d
In base 8, what is 1644324 - -25?
1644351
In base 8, what is 334036416 - -1?
334036417
In base 15, what is -5 + 95b986?
95b981
In base 5, what is -423024 + 1122?
-421402
In base 16, what is 3188 + -55?
3133
In base 3, what is -1012000212 - -2100112?
-1002200100
In base 9, what is -248 + 25516?
25257
In base 10, what is 159 + -695970?
-695811
In base 6, what is 1 + -35525315252?
-35525315251
In base 14, what is 44cc - aa?
4422
In base 7, what is -133 + -166251510?
-166251643
In base 2, what is 10111101100110110111110 - -1010?
10111101100110111001000
In base 9, what is 2411 + -68802?
-66381
In base 2, what is 100 + -111010101111101000?
-111010101111100100
In base 10, what is -9266 + -3723?
-12989
In base 9, what is 1058 + -334?
624
In base 4, what is 1020121113 - 100?
1020121013
In base 10, what is -1 - 16579298?
-16579299
In base 6, what is -55155123 - -105?
-55155014
In base 16, what is b4a68 + -61?
b4a07
In base 2, what is -1001110101000001010101010010 + 101?
-1001110101000001010101001101
In base 2, what is -110110101 + 100110001100110010?
100110000101111101
In base 12, what is -1687 + 2869?
11a2
In base 15, what is 13aadc6 + -25?
13aada1
In base 6, what is -154201042443 + -2?
-154201042445
In base 14, what is -58c755ba - 3?
-58c755bd
In base 11, what is 1 - -338980?
338981
In base 8, what is 0 + 1224004?
1224004
In base 5, what is -10303214 - 32032?
-10340301
In base 14, what is 32 - 64a42?
-64a10
In base 7, what is 213 + -1330461?
-1330245
In base 13, what is 2a3b29 + -7a?
2a3a7c
In base 4, what is 1200313 - 20120?
1120133
In base 16, what is 4eae4b0 - 2?
4eae4ae
In base 13, what 